)/z) composite?
False
Let f = 184 - 182. Is f/8 + (-21945)/(-76) a composite number?
True
Suppose -20 = -5*l, 0*x - 2*l = 3*x - 17. Suppose -2*q - 4536 = -2*u, -x*q - 2265 = -u - q. Is u prime?
False
Let m(j) = 774*j**3 - 2*j**2 - 3*j - 26. Is m(4) composite?
True
Suppose 14*y - 51 = -9. Suppose 15 = 3*z, -2*i - y*z = 2*z - 4451. Is i a prime number?
True
Let s = 28 - 22. Let n(x) = -44*x + s - 238*x + 1. Is n(-3) a composite number?
False
Suppose -3754 + 1103 = -11*w. Suppose 0 = -4*g + 14 + 2. Suppose 3*t = 5*z + 3444 - w, 4*t + g*z - 4228 = 0. Is t composite?
False
Is 12732324/(-8)*6/9*-1 a prime number?
False
Let k = -31 + 36. Suppose -3*j - 768 = -4*i + 4323, -3*i - k*j = -3811. Suppose 0 = 4*s - 4*c - i, 3*s + c + 2*c - 960 = 0. Is s a composite number?
True
Suppose 13*t - t - 1116 = 0. Suppose -9*r = t - 21. Let n(u) = -2*u**3 - 11*u**2 + 2*u + 13. Is n(r) composite?
False
Suppose -11*j - 12*j = 7*j - 21883530. Is j prime?
True
Let m = 349 - -316. Suppose -l + 3*y + m = 0, 0 = -4*l + 3*y + y + 2652. Is l*2/24 - 3/18 a composite number?
True
Let y = -88791 - -133182. Is y composite?
True
Suppose -87*w + 3*c = -83*w - 232165, c = 2*w - 116081. Is w a composite number?
True
Suppose 5919155 = 165*a - 624580. Is a prime?
True
Let q(n) = 4*n**2 + 66*n + 29. Suppose -3*s + 14*j - 9*j = 81, 0 = -5*s - j - 135. Is q(s) a composite number?
False
Let t(z) = 8*z - 5*z + 103 - 27*z - 10*z. Is t(-19) composite?
True
Suppose -16937794 = -86*w + 65462332. Is w prime?
True
Let y = -2 + 5. Let n = 3486 - 2228. Suppose -y*g = -g - n. Is g a prime number?
False
Suppose f - 4*i - i = 5971, -29911 = -5*f - 3*i. Let s = f - 164. Suppose s = 5*y - 2348. Is y composite?
True
Let x = 15 + 60. Suppose -1612 = -x*b + 74*b. Suppose -y - 5919 = -4*c, -2*c + 2*y + b + 1340 = 0. Is c a composite number?
False
Suppose 26809 = g - x - 20855, 0 = 5*g + 3*x - 238328. Is g a composite number?
True
Let q = 1822 - -1264. Is q prime?
False
Let c(p) = 672*p**2 - 13*p + 53. Let s = 139 + -135. Is c(s) prime?
True
Let o be 945 - 9/(-6)*-2. Let n(z) = -z**2 + 38*z + 170. Let h be n(-4). Suppose -h*v = 4*v - o. Is v a prime number?
True
Is 4365090/78 + 28/91 composite?
True
Let t = 12831 - 7688. Let a = -2657 + t. Suppose -13*x - a = -8388. Is x prime?
False
Is 151346*((-1)/(-7 - 75/(-10)))/(-4) a prime number?
False
Let r(y) = 19*y + 3 - 14*y + 69*y**2 + 0 + 4*y + 17*y. Is r(-8) composite?
False
Suppose 0 = -11*q + 6*q + 25, 0 = -2*d + 6*q + 791312. Is d prime?
True
Suppose -12*v = 30*v - 11467605 - 221877. Is v a prime number?
True
Is (6 - 98)/4 - -11542 a prime number?
True
Let t be ((-3)/(-4) - 2)*-12. Suppose -5*w = -3*s + 2 + 10, -3*s = 4*w + t. Let c(d) = -189*d - 4. Is c(w) prime?
True
Let j be (5 + -1)*((-5)/4)/(-5). Is 12/(-3) - ((-1061 - -1) + j) a composite number?
True
Suppose 2*x - 3*b - 2*b = 12, 2*x - 18 = 2*b. Suppose -12970 = -x*j + 6159. Is j a prime number?
False
Suppose -f = -5*f + 18940. Let c = f - 1834. Suppose -13*g = -16*g + c. Is g composite?
False
Let m = -16037 + 80834. Is m a composite number?
True
Let i(m) = 6*m**2 - 18*m - 25. Suppose -2*b = -3*n + 43, 4*n - 6*n + 42 = 2*b. Is i(n) prime?
False
Let c be 528619/52 + 15/12. Suppose u - c = -3064. Is u a prime number?
True
Let w be ((-17)/((-306)/(-12)))/((-6)/27). Suppose -15*i - 3627 = -17*i - k, -1826 = -i - w*k. Is i prime?
True
Suppose -30*l + 5 = -29*l. Let f(t) = -t**3 + 6*t**2 - 6*t + 9. Let u be f(l). Suppose -4*g + 5*n + 164 = 0, -u*g + 2*n + 172 = -n. Is g prime?
False
Suppose -2*g = -o - 499937, -3*g + 553*o + 749892 = 556*o. Is g prime?
True
Let g(s) = 3*s**3 + 3*s**2 - 18*s - 29. Let p(y) = 3*y**3 + 3*y**2 - 17*y - 29. Let o(r) = 5*g(r) - 6*p(r). Is o(-10) a composite number?
False
Let h = 2795 - -7764. Is h a composite number?
False
Let u(v) = v**3 - 14*v**2 + 24*v + 6. Suppose -5*i = 4*b - 23 - 10, -5*b + 45 = 5*i. Let x be u(b). Suppose -x*h + 12265 = -h. Is h composite?
True
Let j = -6399 - -14752. Is 2 + j - (10 - 8) prime?
True
Suppose 6*c + 288732 = -s + 1269295, 5*c - 5 = 0. Is s a composite number?
False
Suppose 0 = -82*o - 2178071 + 42133145. Is o a prime number?
False
Suppose c - y - 2 = 15, 2*y = 0. Suppose -m - c*m = -93726. Is m composite?
True
Let g(x) = 14467*x**2 + 21*x + 1. Let m be g(-1). Let v = m + -5244. Is v prime?
True
Suppose 8*z + 1198888 = 31*z - 15*z. Is z a prime number?
True
Let x = -311 - -321. Is (-145588)/(-44) + x/55 a composite number?
True
Suppose -11*s - 9*s = -50180. Let h = s + -732. Is h prime?
True
Let l(f) = f**3 + 46*f**2 + 445*f + 89. Is l(49) a prime number?
True
Let k(i) be the third derivative of -i**7/720 + 787*i**6/720 - i**5/20 + 13*i**2. Let t(z) be the third derivative of k(z). Is t(0) a prime number?
True
Suppose -3*r - 6063 = 5*d - 109099, -5*r + 2*d + 171675 = 0. Is r a prime number?
True
Let v(q) = -q**3 - 2*q**2 + 6. Let o be v(0). Let y be (-2)/o*-35 - 4/6. Is (-2 + y/2)*(12 - 6) composite?
True
Let x = 121 + -77. Suppose 0 = -7*n + 3*n + x. Let v(q) = -q**3 + 15*q**2 - 13*q - 12. Is v(n) prime?
False
Let a(s) = -67*s**2 + 25*s + 20. Let o be a(16). Let x = 32691 + o. Is x a composite number?
False
Let b(l) be the third derivative of -l**6/60 + l**5/30 + 7*l**4/12 + 29*l**3/6 + 33*l**2 - l. Is b(-16) composite?
True
Suppose 3*k - 2429 = 3*z + 6358, -3*k = 2*z + 5868. Let m = z - -8062. Is m composite?
True
Suppose -474773 - 329015 = -x - 3*x. Is x a prime number?
False
Suppose -3*o = 2*u - 1680946, -2*u - 1309*o + 1680950 = -1305*o. Is u a prime number?
True
Let s = -50 - -55. Let p = -26 - -30. Suppose 0 = -2*j + p*z + 74, -2 = j + s*z - 18. Is j a composite number?
False
Let n(w) = -206*w + 65789. Is n(0) composite?
False
Suppose -4*d + 8097 = 3*p, d + 7*p - 2*p = 2020. Let q = -966 + d. Is q a composite number?
True
Is (108190 + -77)*((-3)/(-1))/3 composite?
True
Let f = 63 + -36. Suppose -4*p - 8 = 2*h + 6, -f = -4*h + 3*p. Is -634*h/12*-2 composite?
False
Let p be (-6)/(-2*1) - -2. Suppose 10*a = -y + 6*a - 2, 2*y = 3*a + 7. Suppose -p*r + 1561 = y*r. Is r composite?
False
Let b be (-12)/8*(-9 + 7). Is (4/(4/b))/(24/4456) a prime number?
True
Let z be (2 + (-112)/20)/((-17)/(-85)). Is z*(-29290)/76 + 132/(-1254) a prime number?
False
Let a = -144878 + 221899. Suppose -51*y + 44*y = -a. Is y a composite number?
False
Suppose -6*d + 25 = -5. Let f(u) = 7*u**2 + 3*u - 11. Let z(a) = -14*a**2 - 6*a + 22. Let x(y) = 9*f(y) + 4*z(y). Is x(d) a prime number?
True
Suppose -11*f + 120800 = 9*f. Let w = f - 3273. Is w composite?
False
Let c(s) = -60*s**3 + 5*s**2 - 65*s - 447. Is c(-13) composite?
True
Suppose -28 = 4*n, 5*n - 141345 = -m + 9171. Is m a composite number?
False
Let z(l) = 20449*l**2 - 3*l + 2. Let n be z(1). Suppose 0 = -4*x + 5*t - 27291, -x - 3*t - n = 2*x. Let a = x - -11966. Is a a prime number?
True
Let t(k) = k + 25. Let y be t(-21). Suppose -y*h - 3*s + 23 = -0*h, -7 = h + 5*s. Let u(i) = 556*i - 31. Is u(h) prime?
False
Suppose -3*y + 2*y - 4*c - 23 = 0, -4*c + 82 = -2*y. Let d be 9/21 + 5/(y/(-4)). Let a(z) = 490*z**2 + z - 2. Is a(d) a prime number?
False
Let n = -503 + 508. Is ((-68861)/(-65)*n)/(2/14) a prime number?
False
Let h be 9/(-6)*8/3. Is h/(-26) + 281646/78 a prime number?
False
Suppose -172*b - 4706980 = -11831033 - 10729719. Is b prime?
True
Let n(p) = -112*p - 15. Let f be n(25). Let m = 6636 + f. Is m prime?
True
Let w(s) = -81*s**2 - 38*s + 54. Let x be w(15). Let z = x + 29984. Is z a prime number?
True
Is -3695*1/(12 + -13) a prime number?
False
Suppose -13867 = 25*y - 122042. Is y composite?
False
Let u(g) = -5341*g**3 + 2*g**2 - 65*g - 237. Is u(-4) composite?
False
Let w(x) = 12*x - 10. Let g be w(3). Suppose 13*q = -0*q + g. Suppose -7*y = q*y - 3411. Is y prime?
True
Is (27 - (-4 - -30))*92338/2 composite?
True
Suppose -145300 = -5*o - b, 0 = -4*o - b + 164093 - 47852. Is o prime?
True
Let q(j) = j**3 + j - 20. Let o be q(0). Is (-4)/o + 21456/20 prime?
False
Let t(p) = p**3 + 6*p**2 - 18*p - 1. Let g be t(-8). Let l(a) = a**2 - 14*a - 9. Let k be l(g). Suppose -k*y = -13227 + 2253. Is y composite?
True
Let d(x) = -5*x**2 - 14*x + 92. Let v be d(-6). Let u be 6*-5 - (1 + 1). Is v*4/u - 137/(-2) a prime number?
False
Suppose n - 2*o = 3*o - 28, -2*o = -10. Let d = n + 6. Suppose 0 = 4